{"id":502,"date":"2019-12-05T10:43:22","date_gmt":"2019-12-05T09:43:22","guid":{"rendered":"https:\/\/es.hobbyteam.net\/blog\/?page_id=502"},"modified":"2024-11-28T16:28:28","modified_gmt":"2024-11-28T15:28:28","slug":"equipo-hobbyteam","status":"publish","type":"page","link":"https:\/\/hobbyteam.net\/blog\/equipo-hobbyteam\/","title":{"rendered":"Sobre Hobbyteam"},"content":{"rendered":"\n<h2 class=\"wp-block-heading\">\u00bfQuieres saber m\u00e1s sobre el equipo Hobbyteam?<\/h2>\n\n\n\n<p><strong>Hobbyteam: Tienda RC, modelismo y juguetes para todos <\/strong>creada en 2007. Por ello, <strong>nuestro equipo est\u00e1 especializado en el sector del modelismo y radiocontrol<\/strong>. Tenemos mucha experiencia en nuestros productos, adquirida a trav\u00e9s de la venta y servicio posventa. Adem\u00e1s, somos <strong>aficionados del sector RC y modelismo<\/strong>. \u00a1No dudes, en ning\u00fan momento, que nos apasiona lo que escribimos en nuestro blog Hobbyteam!<\/p>\n\n\n\n<h3 class=\"wp-block-heading\">Las recomendaciones Hobbyteam son realizadas por expertos y aficionados del radiocontrol y modelismo.<\/h3>\n\n\n\n<p>Al tener una tienda y ser <strong>aficionados de este mundo del radiocontrol y modelismo<\/strong>, nos hemos convertido en <strong>expertos aficionados<\/strong>. Desde coches RC, modelismo naval o ferroviario, drones para ni\u00f1os, coches teledirigidos para ni\u00f1os, bater\u00edas y cargadores RC,&#8230;hasta coches a escala, modelismo Italeri o juegos educativos.<\/p>\n\n\n\n<h3 class=\"wp-block-heading\">\u00a1Vendemos coches RC pero los fines de semana los conducimos!<\/h3>\n\n\n\n<p>Sabemos lo que escribimos pues uno de nuestros hobbies es <strong>conducir coches RC o coches teledirigidos<\/strong>. Nos apasiona este mundo, y sobretodo lo que hay detr\u00e1s de \u00e9l: cambiar carrocer\u00edas, mantenimiento del coche RC, nuevas llantas o neum\u00e1ticos,&#8230;<strong>\u00a1El mundo del radiocontrol es muy divertido!<\/strong> Para todos aquellos que quieran iniciarse al radiocontrol, os animamos a leer nuestros art\u00edculos del blog. <\/p>\n\n\n\n<h3 class=\"wp-block-heading\">\u00a1Vendemos maquetas de madera Occre pero tambi\u00e9n las montamos!<\/h3>\n\n\n\n<p>No nos vale ser el <strong>distribuidor espa\u00f1ol por excelencia de Occre<\/strong>. Nos encanta este mundo de montar desde cero el barco o tren, lijarlo y luego pintarlo. <strong>\u00a1Una afici\u00f3n de artistas que no deber\u00eda desaparecer nunca!<\/strong> Nadie sabe lo que es la paciencia hasta que no ha montado una maqueta de madera de un barco totalmente detallado. \u00a1La satisfacci\u00f3n que tienes cuando terminas de pintar el \u00faltimo detalle y de colocar las velas&#8230;es \u00fanica! \u00a1OJO!<strong> Si no te has atrevido nunca con el modelismo naval o modelismo ferroviario<\/strong>, empieza con modelos de nivel bajo o principiante. <\/p>\n\n\n\n<h3 class=\"wp-block-heading\">Unimos la excelencia de la atenci\u00f3n al cliente y la pasi\u00f3n por nuestro hobby<\/h3>\n\n\n\n<p>La satisfacci\u00f3n de nuestros clientes es muy importante para nosotros. Por esta raz\u00f3n, creemos que <strong>activar nuestro blog Hobbyteam<\/strong> aportar\u00e1 unos conocimientos a todos nuestros seguidores y clientes. Queremos fomentar la <strong>comunidad de aficionados al radiocontrol y modelismo<\/strong>. \u00bfY t\u00fa qu\u00e9 quieres aprender en nuestro blog?<\/p>\n\n\n\n<p>Recuerda seguirnos en nuestras redes sociales Hobbyteam: <a href=\"https:\/\/www.facebook.com\/HobbyTeamSpain\/\">Facebook<\/a>,\u00a0<a href=\"https:\/\/www.instagram.com\/hobbyteamshop\/\">Instagram<\/a>\u00a0y\u00a0<a href=\"https:\/\/www.youtube.com\/channel\/UCuG0UWXw00V2esp-CntU7_Q\">Youtube<\/a>.\u00a0Tambi\u00e9n puedes <strong>compartir nuestros art\u00edculos <\/strong>y sobretodo, comentarlos. Nos interesa tu opini\u00f3n y por eso lo escribimos.<\/p>\n\n\n\n<p><\/p>\n","protected":false},"excerpt":{"rendered":"<p>\u00bfQuieres saber m\u00e1s sobre el equipo Hobbyteam? Hobbyteam: Tienda RC, modelismo y juguetes para todos creada en 2007. Por ello, nuestro equipo est\u00e1 especializado en el sector del modelismo y radiocontrol. Tenemos mucha experiencia en nuestros productos, adquirida a trav\u00e9s de la venta y servicio posventa. Adem\u00e1s, somos aficionados del sector RC y modelismo. \u00a1No &#8230; <a title=\"Sobre Hobbyteam\" class=\"read-more\" href=\"https:\/\/hobbyteam.net\/blog\/equipo-hobbyteam\/\" aria-label=\"Leer m\u00e1s sobre Sobre Hobbyteam\">Leer m\u00e1s<\/a><\/p>\n","protected":false},"author":2,"featured_media":0,"parent":0,"menu_order":1,"comment_status":"closed","ping_status":"closed","template":"","meta":{"footnotes":""},"class_list":["post-502","page","type-page","status-publish"],"yoast_head":"<!-- This site is optimized with the Yoast SEO plugin v27.4 - https:\/\/yoast.com\/product\/yoast-seo-wordpress\/ -->\n<title>Sobre Hobbyteam<\/title>\n<meta name=\"robots\" content=\"noindex, follow\" \/>\n<meta property=\"og:locale\" content=\"es_ES\" \/>\n<meta property=\"og:type\" content=\"article\" \/>\n<meta property=\"og:title\" content=\"Sobre Hobbyteam\" \/>\n<meta property=\"og:description\" content=\"\u00bfQuieres saber m\u00e1s sobre el equipo Hobbyteam? Hobbyteam: Tienda RC, modelismo y juguetes para todos creada en 2007. Por ello, nuestro equipo est\u00e1 especializado en el sector del modelismo y radiocontrol. Tenemos mucha experiencia en nuestros productos, adquirida a trav\u00e9s de la venta y servicio posventa. Adem\u00e1s, somos aficionados del sector RC y modelismo. \u00a1No ... Leer m\u00e1s\" \/>\n<meta property=\"og:url\" content=\"https:\/\/hobbyteam.net\/blog\/equipo-hobbyteam\/\" \/>\n<meta property=\"og:site_name\" content=\"Blog Hobbyteam\" \/>\n<meta property=\"article:publisher\" content=\"https:\/\/www.facebook.com\/hobbyteamshop\" \/>\n<meta property=\"article:modified_time\" content=\"2024-11-28T15:28:28+00:00\" \/>\n<meta property=\"og:image\" content=\"https:\/\/hobbyteam.net\/blog\/wp-content\/uploads\/2024\/11\/cropped-blog-hobbyteam-shop-01-2.png\" \/>\n\t<meta property=\"og:image:width\" content=\"625\" \/>\n\t<meta property=\"og:image:height\" content=\"125\" \/>\n\t<meta property=\"og:image:type\" content=\"image\/png\" \/>\n<meta name=\"twitter:label1\" content=\"Tiempo de lectura\" \/>\n\t<meta name=\"twitter:data1\" content=\"2 minutos\" \/>\n<script type=\"application\/ld+json\" class=\"yoast-schema-graph\">{\"@context\":\"https:\\\/\\\/schema.org\",\"@graph\":[{\"@type\":\"WebPage\",\"@id\":\"https:\\\/\\\/hobbyteam.net\\\/blog\\\/equipo-hobbyteam\\\/\",\"url\":\"https:\\\/\\\/hobbyteam.net\\\/blog\\\/equipo-hobbyteam\\\/\",\"name\":\"Sobre Hobbyteam\",\"isPartOf\":{\"@id\":\"https:\\\/\\\/hobbyteam.net\\\/blog\\\/#website\"},\"datePublished\":\"2019-12-05T09:43:22+00:00\",\"dateModified\":\"2024-11-28T15:28:28+00:00\",\"breadcrumb\":{\"@id\":\"https:\\\/\\\/hobbyteam.net\\\/blog\\\/equipo-hobbyteam\\\/#breadcrumb\"},\"inLanguage\":\"es\",\"potentialAction\":[{\"@type\":\"ReadAction\",\"target\":[\"https:\\\/\\\/hobbyteam.net\\\/blog\\\/equipo-hobbyteam\\\/\"]}]},{\"@type\":\"BreadcrumbList\",\"@id\":\"https:\\\/\\\/hobbyteam.net\\\/blog\\\/equipo-hobbyteam\\\/#breadcrumb\",\"itemListElement\":[{\"@type\":\"ListItem\",\"position\":1,\"name\":\"Home\",\"item\":\"https:\\\/\\\/hobbyteam.net\\\/blog\\\/\"},{\"@type\":\"ListItem\",\"position\":2,\"name\":\"Sobre Hobbyteam\"}]},{\"@type\":\"WebSite\",\"@id\":\"https:\\\/\\\/hobbyteam.net\\\/blog\\\/#website\",\"url\":\"https:\\\/\\\/hobbyteam.net\\\/blog\\\/\",\"name\":\"Blog Hobbyteam\",\"description\":\"Blog especializado en Radiocontrol, Modelismo y Juguetes\",\"publisher\":{\"@id\":\"https:\\\/\\\/hobbyteam.net\\\/blog\\\/#organization\"},\"potentialAction\":[{\"@type\":\"SearchAction\",\"target\":{\"@type\":\"EntryPoint\",\"urlTemplate\":\"https:\\\/\\\/hobbyteam.net\\\/blog\\\/?s={search_term_string}\"},\"query-input\":{\"@type\":\"PropertyValueSpecification\",\"valueRequired\":true,\"valueName\":\"search_term_string\"}}],\"inLanguage\":\"es\"},{\"@type\":\"Organization\",\"@id\":\"https:\\\/\\\/hobbyteam.net\\\/blog\\\/#organization\",\"name\":\"Hobbyteam\",\"url\":\"https:\\\/\\\/hobbyteam.net\\\/blog\\\/\",\"logo\":{\"@type\":\"ImageObject\",\"inLanguage\":\"es\",\"@id\":\"https:\\\/\\\/hobbyteam.net\\\/blog\\\/#\\\/schema\\\/logo\\\/image\\\/\",\"url\":\"https:\\\/\\\/hobbyteam.net\\\/blog\\\/wp-content\\\/uploads\\\/2020\\\/01\\\/cropped-blog-hobbyteam-shop-01-2.png\",\"contentUrl\":\"https:\\\/\\\/hobbyteam.net\\\/blog\\\/wp-content\\\/uploads\\\/2020\\\/01\\\/cropped-blog-hobbyteam-shop-01-2.png\",\"width\":625,\"height\":125,\"caption\":\"Hobbyteam\"},\"image\":{\"@id\":\"https:\\\/\\\/hobbyteam.net\\\/blog\\\/#\\\/schema\\\/logo\\\/image\\\/\"},\"sameAs\":[\"https:\\\/\\\/www.facebook.com\\\/hobbyteamshop\",\"https:\\\/\\\/www.youtube.com\\\/channel\\\/UCuG0UWXw00V2esp-CntU7_Q\",\"https:\\\/\\\/www.instagram.com\\\/hobbyteamshop\\\/\"]}]}<\/script>\n<!-- \/ Yoast SEO plugin. -->","yoast_head_json":{"title":"Sobre Hobbyteam","robots":{"index":"noindex","follow":"follow"},"og_locale":"es_ES","og_type":"article","og_title":"Sobre Hobbyteam","og_description":"\u00bfQuieres saber m\u00e1s sobre el equipo Hobbyteam? Hobbyteam: Tienda RC, modelismo y juguetes para todos creada en 2007. Por ello, nuestro equipo est\u00e1 especializado en el sector del modelismo y radiocontrol. Tenemos mucha experiencia en nuestros productos, adquirida a trav\u00e9s de la venta y servicio posventa. Adem\u00e1s, somos aficionados del sector RC y modelismo. \u00a1No ... Leer m\u00e1s","og_url":"https:\/\/hobbyteam.net\/blog\/equipo-hobbyteam\/","og_site_name":"Blog Hobbyteam","article_publisher":"https:\/\/www.facebook.com\/hobbyteamshop","article_modified_time":"2024-11-28T15:28:28+00:00","og_image":[{"width":625,"height":125,"url":"https:\/\/hobbyteam.net\/blog\/wp-content\/uploads\/2024\/11\/cropped-blog-hobbyteam-shop-01-2.png","type":"image\/png"}],"twitter_misc":{"Tiempo de lectura":"2 minutos"},"schema":{"@context":"https:\/\/schema.org","@graph":[{"@type":"WebPage","@id":"https:\/\/hobbyteam.net\/blog\/equipo-hobbyteam\/","url":"https:\/\/hobbyteam.net\/blog\/equipo-hobbyteam\/","name":"Sobre Hobbyteam","isPartOf":{"@id":"https:\/\/hobbyteam.net\/blog\/#website"},"datePublished":"2019-12-05T09:43:22+00:00","dateModified":"2024-11-28T15:28:28+00:00","breadcrumb":{"@id":"https:\/\/hobbyteam.net\/blog\/equipo-hobbyteam\/#breadcrumb"},"inLanguage":"es","potentialAction":[{"@type":"ReadAction","target":["https:\/\/hobbyteam.net\/blog\/equipo-hobbyteam\/"]}]},{"@type":"BreadcrumbList","@id":"https:\/\/hobbyteam.net\/blog\/equipo-hobbyteam\/#breadcrumb","itemListElement":[{"@type":"ListItem","position":1,"name":"Home","item":"https:\/\/hobbyteam.net\/blog\/"},{"@type":"ListItem","position":2,"name":"Sobre Hobbyteam"}]},{"@type":"WebSite","@id":"https:\/\/hobbyteam.net\/blog\/#website","url":"https:\/\/hobbyteam.net\/blog\/","name":"Blog Hobbyteam","description":"Blog especializado en Radiocontrol, Modelismo y Juguetes","publisher":{"@id":"https:\/\/hobbyteam.net\/blog\/#organization"},"potentialAction":[{"@type":"SearchAction","target":{"@type":"EntryPoint","urlTemplate":"https:\/\/hobbyteam.net\/blog\/?s={search_term_string}"},"query-input":{"@type":"PropertyValueSpecification","valueRequired":true,"valueName":"search_term_string"}}],"inLanguage":"es"},{"@type":"Organization","@id":"https:\/\/hobbyteam.net\/blog\/#organization","name":"Hobbyteam","url":"https:\/\/hobbyteam.net\/blog\/","logo":{"@type":"ImageObject","inLanguage":"es","@id":"https:\/\/hobbyteam.net\/blog\/#\/schema\/logo\/image\/","url":"https:\/\/hobbyteam.net\/blog\/wp-content\/uploads\/2020\/01\/cropped-blog-hobbyteam-shop-01-2.png","contentUrl":"https:\/\/hobbyteam.net\/blog\/wp-content\/uploads\/2020\/01\/cropped-blog-hobbyteam-shop-01-2.png","width":625,"height":125,"caption":"Hobbyteam"},"image":{"@id":"https:\/\/hobbyteam.net\/blog\/#\/schema\/logo\/image\/"},"sameAs":["https:\/\/www.facebook.com\/hobbyteamshop","https:\/\/www.youtube.com\/channel\/UCuG0UWXw00V2esp-CntU7_Q","https:\/\/www.instagram.com\/hobbyteamshop\/"]}]}},"_links":{"self":[{"href":"https:\/\/hobbyteam.net\/blog\/wp-json\/wp\/v2\/pages\/502","targetHints":{"allow":["GET"]}}],"collection":[{"href":"https:\/\/hobbyteam.net\/blog\/wp-json\/wp\/v2\/pages"}],"about":[{"href":"https:\/\/hobbyteam.net\/blog\/wp-json\/wp\/v2\/types\/page"}],"author":[{"embeddable":true,"href":"https:\/\/hobbyteam.net\/blog\/wp-json\/wp\/v2\/users\/2"}],"replies":[{"embeddable":true,"href":"https:\/\/hobbyteam.net\/blog\/wp-json\/wp\/v2\/comments?post=502"}],"version-history":[{"count":9,"href":"https:\/\/hobbyteam.net\/blog\/wp-json\/wp\/v2\/pages\/502\/revisions"}],"predecessor-version":[{"id":745,"href":"https:\/\/hobbyteam.net\/blog\/wp-json\/wp\/v2\/pages\/502\/revisions\/745"}],"wp:attachment":[{"href":"https:\/\/hobbyteam.net\/blog\/wp-json\/wp\/v2\/media?parent=502"}],"curies":[{"name":"wp","href":"https:\/\/api.w.org\/{rel}","templated":true}]}}